
7
Let n be (0 + 3)*((-104)/(-12) - 3). Suppose -y - 17 = -n. What is the tens digit of -30*(21/(-5) + y) - 1?
2
Let y = 295 - 432. Let p = -136 - y. What is the units digit of p?
1
Suppose 2*w - 8410 - 15602 = 4156. What is the units digit of w?
4
Let o(f) = 1919*f**3 - f**2. Let t be o(1). Suppose 7*l - 2345 = t. Suppose -6*g = -3*g - l. What is the tens digit of g?
0
Let z(s) = -2*s**3 - 13*s**2 - 42*s - 2. Let f be (-364)/46 + (-28)/322. What is the tens digit of z(f)?
2
Let m(u) = u**2 + 9*u + 10. Let o be m(-8). Suppose -o*p - 153 - 53 = 0. Let h = -48 - p. What is the tens digit of h?
5
Let d(v) = 2*v**2 - 44*v - 71. Let b be -1 + 31/62 + 21/(-2). What is the tens digit of d(b)?
5
Suppose 4*p + 3 = 3*p. Let t be (p/(-4))/((-3)/1140*-5). Let c = t + 24. What is the units digit of c?
1
What is the hundreds digit of (-13)/((-52)/172)*(117 - -2)?
1
Let f = 5686 + 31178. What is the units digit of f?
4
Suppose 3*m = -2*z - 1331, -2*m - 816 = 3*z + 1193. Let k = 1035 + z. What is the units digit of k?
2
Let x(t) = -3*t + 2. Let h be x(-7). Suppose 4*z = h + 25. Suppose 0 = 5*b + 2*w - 139 - 454, 0 = 3*w - z. What is the hundreds digit of b?
1
Let i(j) = -j**2 + 10*j + 4. Let k be i(10). Suppose -5*x - v = -2*v - 32, 4*v - k = -2*x. Let h(l) = -l**3 + 8*l**2 - l + 7. What is the units digit of h(x)?
3
What is the ten thousands digit of (20348/10)/(0 + (-128)/80)*-8?
1
Let c(s) = -s**3 + 9*s**2 + 24*s - 22. Let w be c(9). What is the tens digit of w/8*2*(16 + -10)?
9
What is the tens digit of 0 + -6 + 1*(1 - -4032)?
2
Suppose 0 = -4*b + 2*p + 149362, -1711*b - 4*p - 74660 = -1713*b. What is the units digit of b?
4
Let c(v) = 45*v**3 - 22*v**2 + 42*v + 14. What is the hundreds digit of c(7)?
6
Let d = -866 - -1332. What is the hundreds digit of d?
4
Suppose 3*m - 2*i - 678 = m, -1013 = -3*m - i. Suppose -5*p = 927 + m. Let q = p - -364. What is the hundreds digit of q?
1
Let h(i) = 181*i - 72. Let l be h(4). Let q = -375 + l. What is the hundreds digit of q?
2
What is the thousands digit of (127/(-381) - 4/6)*(-54385 - -1)?
4
Let c(l) = -l**3 - l**2 + 7*l + 8. Let x be c(-3). Suppose 0 = t - x*d - 388, -t + 4*d + 353 + 37 = 0. What is the tens digit of t?
9
Let w = 40 - 38. Let y(g) = -6*g - 18*g**2 - 12 - w*g**3 + 3*g**3 + 8*g**2. What is the units digit of y(11)?
3
Suppose -2*i + 3*q + 43 = -4*i, 94 = -4*i + 2*q. Let b = 15 + i. Let c = b + 57. What is the units digit of c?
9
Let a(b) = 408*b**2 - 207*b - 28. What is the units digit of a(-4)?
8
Let n = 89 + -83. Let u = -5 - -12. Suppose -n*t + u*t = 109. What is the units digit of t?
9
Let g(p) = 48*p**3 + 103*p**2 + 383*p + 38. Let l(f) = 16*f**3 + 35*f**2 + 128*f + 13. Let i(d) = -4*g(d) + 11*l(d). What is the thousands digit of i(-5)?
1
Suppose -4 = -0*r - 2*r. Let h be ((-130)/(-15))/(r/15). Suppose o + c = 80, 4*o + c - 261 = h. What is the units digit of o?
2
Let j(d) = 7*d + 62. Suppose 2*a + 32 = r + 2*r, 5*r = a + 9. Let v be j(a). Let p = v + 183. What is the hundreds digit of p?
1
Let h be -6*(12/9)/(-1). Let o be 44/8 - 4/h. Suppose -o*n = 4*t - 225, -3*t + 279 = 2*t + 4*n. What is the units digit of t?
5
Let f(p) = -7*p**2 - 12*p - 19. Let n(q) = -4*q**2 - 6*q - 9. Let b(a) = 2*f(a) - 5*n(a). What is the tens digit of b(-7)?
5
Suppose 2*c = 3*c + 5*f - 781, -5*c + 5*f = -3875. Let y = c - 365. What is the tens digit of y?
1
Suppose 4*y = -w - 27 + 26, -3*y = 2*w - 3. Suppose -k = -w*m - 1173, 0 = -3*k + 21*m - 18*m + 3495. What is the hundreds digit of k?
1
Suppose 14*b - 7*b = 56. Let a(s) = -s**3 + 9*s**2 - 12*s + 30. Let i be a(b). What is the units digit of 980/21 - i/6?
7
Let b = 43996 + 18129. What is the tens digit of b?
2
Let r = -1 - -3. Suppose -34*b = -6822 + 3449 - 7541. Suppose y + 5*o + b = 3*y, o = r*y - 333. What is the units digit of y?
8
Suppose 0 = 5*x + 3*d + 46, 0 = 2*x - 5*d + 2*d + 31. Let o be 18/63 + 6/(-21). What is the units digit of o + 136 + x + 11?
6
Let i(v) = -33*v + 57*v + 90 - 41*v. What is the units digit of i(-24)?
8
Let h(a) = 15*a + 78. Let u be h(-4). Suppose u*g = 954 + 2124. What is the tens digit of g?
7
Let p(i) = -i**2 - 31*i + 30. Let t be p(-32). Let w be t/(-1)*-543*4/(-24). Let f = w + -48. What is the tens digit of f?
3
Let z = 32 - -3. Suppose -3*x + 20 = -y + 2*x, -2*y - 5*x = -z. What is the units digit of (2/y)/(1*5/50)?
4
Let p = -94 - -105. Let z = p + -9. Suppose o + z*t - 120 = -t, 3*o - 5*t = 304. What is the tens digit of o?
0
Suppose -3*u = 5*b - 791, -5*b + 2*u + 302 = -504. Suppose 4*m + 13 + 13 = 2*x, 0 = 3*x - 2*m - 31. Suppose -x*o + b = -5*o. What is the units digit of o?
0
Let d = 40004 - 21073. What is the tens digit of d?
3
Let l(q) be the first derivative of q**2 - 19*q - 1228. Let v(w) = -8*w - 4. Let f be v(-3). What is the tens digit of l(f)?
2
Suppose -24 = -4*l, -7119 = z + 5*l - 16856. What is the units digit of z?
7
Suppose -3208320 = -155*i - 516590. What is the tens digit of i?
6
Let t(d) = -d**3 + 3*d**2 - 5*d + 10. Let c be t(3). Let u(n) = -8*n - 34. Let v be u(c). What is the units digit of ((-1)/(2 - 3))/(v/726)?
1
Let n(v) = 1028*v - 1875. What is the tens digit of n(6)?
9
Let o(q) = -986*q + 1992. What is the units digit of o(-5)?
2
Suppose -3*x + 3*s + 32 = 8, 3*x = -s + 8. Suppose -3*a = -x*c + 3624, -923 = 16*c - 17*c + 5*a. What is the tens digit of c?
0
Let l(u) = u + 2. Let q be l(5). Let p be 2/6*(-21)/q*-3. Let w(s) = 10*s**2 - 3*s + 6. What is the units digit of w(p)?
7
What is the thousands digit of 9401751/324 + (-1 - (-27)/12)?
9
Suppose -8 = 597*m - 596*m. Let y(r) = -43*r + 130. What is the hundreds digit of y(m)?
4
Let b(o) = -8*o - 40. Let x be b(-5). Suppose x = -13*i - 69 + 3462. What is the units digit of i?
1
Suppose 8 = -4*d + 8. Suppose -p - q = -3*p, p + 5*q = d. Suppose p = 2*s - 84 - 84. What is the tens digit of s?
8
Let m(h) = -24*h**3 + 3*h**2 - 3*h + 1. Let z be m(-4). Let c = -724 + z. What is the hundreds digit of c?
8
Let j(m) = -1018*m + 1255. What is the hundreds digit of j(-14)?
5
Let m(g) = -g**3 + g**2 - 8*g + 2. Let j be m(-6). Suppose 3*a - 666 = 4*w, -2*w - 919 = -4*a - 7*w. Suppose -a = -4*b + j. What is the units digit of b?
2
What is the units digit of -7*39*8800/(-330)?
0
Suppose 3*q + 3*g = 48990, -g + 65296 = -37*q + 41*q. What is the units digit of q?
2
Suppose 14 - 2 = 4*u. What is the units digit of 184/u*((-28)/7 - -7)?
4
Suppose 13*u = -9*u + 418. Suppose 0 = w - 11 - u. What is the units digit of w?
0
Suppose 0 = -5*v + 9*u - 7*u + 27709, 5*v + 3*u = 27724. What is the units digit of 11 + 130/(-12) + v/6?
4
Let d(l) = -260*l**3 - l**2 - 15*l - 5. What is the thousands digit of d(-3)?
7
Let x(y) = -3*y + 17. Let q be x(4). Let i = 73 - q. Suppose -3*g - 1 = n - i, -n - g + 59 = 0. What is the tens digit of n?
5
What is the thousands digit of 13/(13/7) - -16505?
6
Let n(f) = 111 + 111 - 300*f - 223. What is the units digit of n(-1)?
9
Suppose b - 12543 = 445. What is the thousands digit of b?
2
Suppose -832 = -2*y - 0*y. Suppose -y = l + 4*f, 2296 = -5*l + 3*f + 216. What is the tens digit of ((-6)/4)/(6/l)?
0
Let s = 36148 + -13899. What is the ten thousands digit of s?
2
Let s(r) = 1528*r - 48. What is the units digit of s(19)?
4
Let j(d) = d + 14. Suppose -14*n - 2 = -12*n. Let k = 9 - n. What is the tens digit of j(k)?
2
Let d(u) = -10*u - 2. Suppose 4*x - 16 = 0, 0 = 2*n + 4*x - 3 + 1. What is the tens digit of d(n)?
6
Suppose 124*k - 272662 = 532718. What is the hundreds digit of k?
4
Let j(y) = -y**3 + 10*y**2 + 17*y - 31. Suppose -67 = -13*a + 50. What is the hundreds digit of j(a)?
2
Let i(h) = -33*h - 58. Suppose 0 = -3*o - 3*y - 5 - 19, 0 = y + 3. What is the tens digit of i(o)?
0
What is the tens digit of (17/(-17))/(((-2)/(-94972))/(-1))?
8
Suppose -44*k - 44806 + 246461 = -789. What is the units digit of k?
1
Let d(q) = q + 3. Let r be d(-1). Suppose -u = 2*m - 35, -2*u + r*m = -2 - 50. Suppose -3*n - u = -107. What is the units digit of n?
6
Suppose 0 = -2*q - 10 + 14. Suppose 0 = -3*b + 23 - 68. What is the tens digit of 4*(q - b/(-12)) + 151?
5
Let g(a) be the third derivative of 3*a**6/40 - a**5/15 - 7*a**4/24 + a**3 + 14*a**2. Let d be g(4). Suppose -21*h + d = -16*h. What is the tens digit of h?
9
Let o = 85315 + -58106. 